. What is the remainder when 61 is divided by r?
30
Let s be 2/(-6) + (-20)/(-6). Let g = s + -1. What is the remainder when (-64)/(-4)*(-3)/(-12) is divided by g?
0
Suppose 0*h - 36 = -4*h. Let y be 3/h*-2*-6. Suppose -4*n - 4*w = -n - 26, 0 = y*n + 3*w - 37. Calculate the remainder when 18 is divided by n.
8
Suppose -3*l + 12 = 2*n - l, 8 = 2*l. Suppose 3*b - 119 = -20. Suppose -3*t - 4*u = u - 32, n*t + u - b = 0. What is the remainder when 55 is divided by t?
17
Let r(z) = z**2 - 6*z - 1. Calculate the remainder when r(8) is divided by 6.
3
Let n be ((-6)/(-4))/((-2)/(-4)). Suppose 0 = -0*s + s, -2*a + 14 = -n*s. Calculate the remainder when 20 is divided by a.
6
What is the remainder when 32 is divided by 12/16 - (-225)/20?
8
Let p be 4 + -1 - 8 - -2. Suppose 4 + 3 = s. What is the remainder when ((-95)/(-10))/(p/(-6)) is divided by s?
5
Suppose -5 = -0*v - 5*v. Let s(m) = -1 + 2 + m**2 + 4*m + v. Calculate the remainder when 3 is divided by s(-4).
1
Suppose 2*i = 16 + 4. Suppose 5*y + 80 = 220. Calculate the remainder when y is divided by i.
8
Let y(t) = -t**3 + 2*t - 1. Suppose -5*z - 5 = 5*i - 40, 2*z + 4 = 4*i. Calculate the remainder when y(-2) is divided by i.
0
Let p = 27 + -8. What is the remainder when p is divided by 10?
9
Let d = -23 - -32. Calculate the remainder when 62 is divided by d.
8
Let k(c) = -8*c - 12. Suppose 25 = 4*n - 31. Calculate the remainder when n is divided by k(-2).
2
Suppose -12 = -4*j + j, 3*g + 4*j = 85. Suppose 9*b - 15 = 4*b. Suppose 0 = -h - b*h + 48. What is the remainder when g is divided by h?
11
What is the remainder when 40 is divided by 204/15 + (-6)/(-15)?
12
Suppose -4*t = -0*t - 64. Let o be (-1 + (0 - 1))/(-1). Suppose -o*y = -4*s - 4, 0 = -2*y + 5*s + 3 - 1. What is the remainder when t is divided by y?
4
Suppose 2*o = -2*o + 5*f + 151, -2*f = 2*o - 62. Calculate the remainder when 168 is divided by o.
32
What is the remainder when (-40)/(3 - -2)*(-82)/8 is divided by 28?
26
Suppose -4*w + 433 = -0*w + 5*q, 4*w - 429 = -q. Suppose h = w - 31. What is the remainder when h is divided by 26?
24
Suppose z - d - 1 = -2*d, d - 9 = -3*z. What is the remainder when 23 is divided by z?
3
What is the remainder when 132 is divided by 32/80 - 266/(-10)?
24
Suppose -120 = 30*v - 33*v. Calculate the remainder when v is divided by 7.
5
Let w(h) = h - 2. Let i = 11 + -6. Let l be w(i). Calculate the remainder when 37 is divided by (4/l)/((-8)/(-60)).
7
Let o(x) = -x + 4. Let l be o(-6). What is the remainder when (-25)/l*(-8)/10 is divided by 1?
0
Let z be -2 + 1 + 59 + 0. Let m = z + -32. Calculate the remainder when 51 is divided by m.
25
Let r be (-2)/13 - (-732)/26. Suppose 0 = 2*p - r - 38. What is the remainder when p is divided by 9?
6
Let k = -61 + 124. Suppose -c - 4*c = 5*p - 70, 0 = 4*c + p - 62. What is the remainder when k is divided by c?
15
Suppose 4*n + 5*o = -10, -2*o - 1 = 3. Let s = 5 + n. Calculate the remainder when s is divided by 3.
2
Suppose -96 = -4*r + 3*j, -48 = -2*r + 9*j - 8*j. What is the remainder when r is divided by 8?
0
Let s = 108 - 73. Calculate the remainder when 68 is divided by s.
33
Let x(r) = r**3 + 12*r**2 + 10*r - 13. Let m be x(-11). Let n(s) = 7*s**2 + s - 2. Calculate the remainder when n(m) is divided by 13.
11
Let q be 592*(-2 - 10/(-8)). Calculate the remainder when q/(-10) - (-8)/(-20) is divided by 15.
14
Let g(b) = -2*b - 1. Let k = -56 + 62. What is the remainder when k is divided by g(-2)?
0
Suppose 5*c = 344 + 241. Suppose 2*w - 3*y + y - 252 = 0, -w = -4*y - c. Suppose -2*x = -w + 37. What is the remainder when x is divided by 16?
14
What is the remainder when 8/2*-6*-3 is divided by 25?
22
Let l(t) = -t**2 - 17*t - 31. Calculate the remainder when 75 is divided by l(-14).
9
Let h = -2 + 3. Suppose 2*w - 28 = -2*w. Suppose -4*y + 1 = j - w, 3*j = 3*y + 9. Calculate the remainder when h is divided by y.
0
Let u be 0/1 + 3 - 28. Let v = 63 + u. Suppose 2*z + s + s = v, 0 = -2*z + 2*s + 18. Calculate the remainder when z is divided by 4.
2
Let n(m) = -m - 1. Let o(a) = -2*a - 5. Let l(z) = 3*n(z) - o(z). What is the remainder when 6 is divided by l(-1)?
0
Let h(o) = -o**3 + o**2 - o + 5. Let p be h(0). Suppose 0 = 2*x + 4*r - 16, 5*r - r + 82 = p*x. Calculate the remainder when 53 is divided by x.
11
Let w = -49 + 33. Let p = 4 - w. Calculate the remainder when 39 is divided by p.
19
Let d be (-4 - -3)*12/2. What is the remainder when 46 is divided by (27/6)/(d/(-16))?
10
Suppose 5*l + 11 + 64 = 0. Calculate the remainder when l/2*(-104)/12 is divided by 22.
21
Let h = -38 + 55. What is the remainder when 65 is divided by h?
14
Let d be 1 - (1 + -2*1). Suppose -4 = -o + h + 9, 4*h - 50 = -d*o. Suppose 4*v - 15 - 185 = 0. What is the remainder when v is divided by o?
16
Suppose 4*h + 3*j + 159 = 430, -h + 3*j = -64. What is the remainder when h is divided by 17?
16
Let u(a) = -18*a - 10. What is the remainder when u(-3) is divided by 15?
14
Let o = 92 + 4. What is the remainder when ((-18)/2)/((-18)/o) is divided by 17?
14
Let q(x) = -x**2 - 6*x + 4. Let a be q(-7). Let k = a + 5. Let g = 2 + 0. What is the remainder when k is divided by g?
0
Let x = 4 + -3. Calculate the remainder when 37 is divided by (-51)/(-3) - -3*x.
17
Let c = -4 + 6. Suppose -3*t = -0*t + 9, -3*t = 3*g - 6. Suppose u + 30 = 5*o + 6*u, g*o = c*u + 16. What is the remainder when o is divided by 2?
0
Let a(n) = -22*n - 214. Let i(x) = x - 1. What is the remainder when a(-11) is divided by i(6)?
3
Suppose 4*j + u - 5 = 3*j, -4*j = -u - 45. What is the remainder when 28 is divided by j?
8
Suppose 4*z + 11 = 3*l, 0 = l + z - 6*z. What is the remainder when 4/(-6) - 132/(-9) is divided by l?
4
Suppose -2*g + 2*p = -26, 3*g - 2*p - 54 = -g. What is the remainder when 55 is divided by g?
13
Let j = 12 + 31. Suppose -5*c - j = -v, c + 28 = v - c. What is the remainder when v is divided by 10?
8
Let o(c) = -2*c + 19. What is the remainder when o(-14) is divided by 16?
15
Suppose 3*y = 2*c - 102, 5*y = 2*y + 6. What is the remainder when c is divided by 15?
9
Let x = -23 + 52. Let g be (14/(-6))/(4/(-12)). Suppose 60 = 11*w - g*w. Calculate the remainder when x is divided by w.
14
Let c = -29 - -33. Calculate the remainder when 14 is divided by c.
2
Let v(s) = -2*s - 7. Let p be v(-5). Suppose p*t = 46 + 47. Calculate the remainder when t is divided by 11.
9
Suppose k - 24 = 6. Let b(v) = -4*v**2 + v - 1 + v**3 - 5*v - 4 + 2*v**2. What is the remainder when k is divided by b(4)?
8
Let g = -5 + 2. Let a = 9 + g. Calculate the remainder when 10 is divided by a.
4
Suppose -10 = 4*k - 98. Let u = 12 + 53. Calculate the remainder when u is divided by k.
21
Let x(w) = w - 4. What is the remainder when 22 is divided by x(10)?
4
Let b(c) = 0 - 9*c**2 + 7*c**3 + 2*c**3 - 8*c**3 - 1 + 2*c. What is the remainder when 300/16*(-16)/(-6) is divided by b(9)?
16
Calculate the remainder when 21 is divided by 6/(-8) - (-102)/8.
9
Let a = -25 + 55. Let w = a - 21. Let i(s) = 2*s + 5. Calculate the remainder when i(w) is divided by 8.
7
Let f(n) = -n - 7. Let i be f(-9). Suppose 60 = 4*y - 5*b, y + i*y - 3*b = 45. Calculate the remainder when y is divided by 2/2 - 0 - -7.
7
Let y = -84 + 118. Suppose 5*s + 0*s - 2*q - 88 = 0, 4*q = -5*s + 94. What is the remainder when y is divided by s?
16
Suppose 0 = -o - 0*o + 2*g - 19, 3*g + 160 = -5*o. Let j = -2 - o. What is the remainder when j is divided by 14?
13
Let g = -4 + 7. Let s = g + 2. Let o = -2 + s. Calculate the remainder when 5 is divided by o.
2
Suppose -24 = -4*q - 0*q. Suppose -4*i - 70 = -q*i. What is the remainder when i is divided by 0/(-2) - -12 - 0?
11
Let f = 2 - -11. What is the remainder when f is divided by 4?
1
Let x = 44 + -19. What is the remainder when 72 is divided by x?
22
Suppose -9*a + 45 = -4*a. Suppose 5*s - x - 78 = 0, 0*x - a = 3*x. Calculate the remainder when s is divided by 8.
7
Let s(q) = 2*q**3 + 10*q**2 - 5*q + 1. Let i = 125 - 75. What is the remainder when i is divided by s(-5)?
24
Suppose 2*r = 28 + 2. Calculate the remainder when 29 is divided by r.
14
Let p = 52 + -4. What is the remainder when p is divided by 17?
14
Suppose 0*w = 2*w - 4. Suppose 0 = -3*v - 12, 2*c = -w*c + 2*v + 68. Calculate the remainder when c is di